 digit of v(c)?
7
Let v(y) be the third derivative of 1/6*y**4 + 0*y + 14*y**2 + 0 + 13/6*y**3 + 1/15*y**5. What is the units digit of v(-5)?
3
Suppose -5*m - 5 = 0, 6*m + 6 = p + 8*m. Suppose -x + 1046 = 3*k, 4*x - p*k = -3*k + 4252. What is the tens digit of x?
5
Suppose 53*o + 32031 = 3*p + 54*o, -3*p = 4*o - 32013. What is the thousands digit of p?
0
Let s be (-48)/(-12) - 279/(-2 - -1). Let h = -217 + s. What is the tens digit of h?
6
Let w = -43076 + 78489. What is the hundreds digit of w?
4
What is the units digit of 105/(-350)*-101108 - (-1)/((-5)/2)?
2
Suppose -9*b + 120303 + 25954 = -48611. What is the thousands digit of b?
1
Suppose 2*o + 3*o - 15 = 0. Let u(z) = 7*z + 9 + 4*z**2 + 0*z**3 + 2*z**3 - z**o + 10*z**2. What is the units digit of u(-13)?
7
Suppose -d - 68 = d. Let v(f) = f**2 - f + 14. Let n be v(0). Let l = n - d. What is the units digit of l?
8
Let y = -51 - -121. Suppose -2*h - 28 = -2*t, -5*h - 2*t + 5*t = y. Let o(f) = -f**3 - 14*f**2 - 5*f - 21. What is the units digit of o(h)?
9
Let h be ((-36)/(-54))/((-1)/(-9)). Suppose -136 = -h*i + 20. What is the units digit of i?
6
Suppose 49478 = 4*c + v, 1721 = c - v - 10641. What is the units digit of c?
8
What is the hundreds digit of (-84)/49*(-8556 + -12)?
6
Let a = 6965 - 3001. What is the hundreds digit of a?
9
Let a = -267 - -448. Suppose 5*d + a = h - 417, 4*h - 3*d = 2358. What is the hundreds digit of h?
5
Let l = -9123 - -9119. Let i(q) = -2*q**3 - 4*q**2 - 8*q + 7. Let s(v) = -v**3. Let n(u) = i(u) + 2*s(u). What is the units digit of n(l)?
1
Let x be 58/(-3) - 2/(-6). Let y be (42/5)/((-13)/((-130)/4)). Let u = x + y. What is the units digit of u?
2
Let r(x) = -x**3 + x**2 - 3*x + 2504. Let g be r(0). Suppose -4*d = l - g, -l = -2*d - 31 + 1277. What is the hundreds digit of d?
6
Suppose -2*u + 57 + 5841 = 0. Let y = -1567 + u. What is the tens digit of y?
8
Let v be 97/5 + ((-14)/10 - -1). Let l = 199 + v. What is the units digit of l/11 - 3*8/(-132)?
0
Suppose -2480 - 11078 = -f. What is the hundreds digit of f?
5
Suppose -5*g + 3*c = -6*g - 217, 2*c - 6 = 0. Let v = g + 372. What is the hundreds digit of v?
1
Let c(k) = 36*k**2 + 5*k - 6. Let m(l) = 3*l - 52. Let d be m(21). Let q = -9 + d. What is the units digit of c(q)?
8
Suppose b + 7*v - 12614 = 0, 48*v + 25264 = 2*b + 53*v. What is the hundreds digit of b?
6
Let v(n) = 17*n + 11. Let r be v(-1). What is the units digit of r/(-4)*8792/42?
4
Suppose r + 2*t = 4*r - 5, 2*r - 3*t = 0. Let i(a) = -9 + 26*a + 2 + r. What is the hundreds digit of i(7)?
1
Let o(n) = 86*n**2 + 130*n - 956. What is the thousands digit of o(22)?
3
Let q = -6 + 10. Let n be (q/6)/(28/294). Suppose -n*w = 26 - 684. What is the units digit of w?
4
Let n(h) = 1162*h - 6246. What is the hundreds digit of n(21)?
1
Let s = 20779 + -14813. Suppose 2*q = 2*v + 2874 + 112, -s = -4*q + 2*v. What is the hundreds digit of q?
4
Let g be (-318)/(-9) + (-2)/6 + -3. Suppose -30*y = -g*y - 212. Let v = y - -155. What is the tens digit of v?
4
Let b(j) = 5*j + 214. Let o be b(-42). What is the units digit of 0 + -1 + o - 21168/(-54)?
5
Let j(a) be the second derivative of 21*a**5/20 - a**4/3 + 2*a**3 - 35*a**2/2 - 53*a - 1. What is the hundreds digit of j(3)?
5
Suppose -3*y + 82*m + 40248 = 79*m, 13416 = y - 3*m. What is the hundreds digit of y?
4
What is the hundreds digit of (-803478)/(-40) - (-93)/1860?
0
Suppose 14702 = 2*j - 17*c + 15*c, -c - 29389 = -4*j. What is the hundreds digit of j?
3
Suppose 2*f + 3*o - 5*o = 1232, -o - 1 = 0. Suppose -3*x + f = -750. What is the hundreds digit of x?
4
Suppose -4*f - 3 = -3*b - 67, -2*b = 4*f - 64. Let i(k) be the second derivative of k**5/20 - 4*k**4/3 + k**3 + 3*k**2 - 5*k. What is the units digit of i(f)?
2
Suppose 42*h + 87*h - 562380 = -77*h. What is the units digit of h?
0
Suppose 42*r = 31*r + 8184. Suppose -8*x - r + 7784 = 0. What is the tens digit of x?
8
Suppose 6*i - 27 = -4*x + 7*i, -4*i - 18 = -x. Suppose 0*p + x*p = 0. Suppose p = -y + 1, -249 + 29 = -5*n - 5*y. What is the tens digit of n?
4
Suppose -32170 = -c + 31881. What is the units digit of c?
1
Let x be (-4)/1 - (-10 + 106). Let j = x - 46. Let p = j + 218. What is the units digit of p?
2
Let h = -174 - -172. Let j(c) = -30*c**3 - c**2 + 13*c + 29. What is the tens digit of j(h)?
3
Suppose -4259 - 373 = 4*x. Let n be x/(-78) - 2/(-13). What is the units digit of (-10 - -1)*(-4 - (-55)/n)?
3
Let c be (3/2 - 2)*-34. Let n = 395 - c. Suppose 0 = -11*i + 2*i + n. What is the tens digit of i?
4
Let s(n) = -7*n - 5. Let t be s(-3). Let u be (11 + t/(-4))*11. Suppose 2*w - u = -w + 2*l, -w - 2*l = -31. What is the tens digit of w?
2
Let y = -33 - -57. Suppose -30*i + y*i = -5454. What is the hundreds digit of i?
9
Let l = 56 + -53. Suppose 0 = 4*o + 12, -2*p - l*o + 97 = -348. Suppose -2*h - 3*f + p = 0, 3*h - 3*f - 324 = -2*f. What is the units digit of h?
9
Suppose -35 + 20 = 5*y. Let x be 140/y + 17/(-51). Let o = x + 95. What is the units digit of o?
8
Let u(p) = 3*p**3 - p**2 - 2*p + 3. Let j be u(1). Suppose 12*l = 10*l, j*l = 3*y - 576. What is the hundreds digit of y?
1
What is the hundreds digit of 5/(-2)*(20 - (6447 - 9))?
0
Suppose 2*n = 6, 2*q - 2 = 4*n - 26. Let h(k) = k**2 + 9*k + 12. Let f be h(q). Let b(w) = -24*w + 3. What is the hundreds digit of b(f)?
1
Suppose -12 = -91*l + 87*l. Let r(t) = 3*t**2 + 5*t + 2. What is the tens digit of r(l)?
4
Suppose -4*f + 273 = -27931. What is the hundreds digit of f?
0
Suppose 2*s + 2 = 3*s. Suppose y - 6 = -s. Suppose -2*p + 5*w = -38, y*w = -3*p + 3 + 8. What is the units digit of p?
9
Suppose 0 = -10341*t + 10340*t + 8548. What is the hundreds digit of t?
5
Suppose -4*y = -2*j + 32692, -12 = -3591*y + 3589*y. What is the units digit of j?
8
Let t be (26/4)/1 + (-6)/4. Suppose j + 5*y - 194 = 0, t*j - 37 = 2*y + 852. Let b = j - -88. What is the units digit of b?
7
What is the units digit of (20/(-110))/(12/(-2027652))?
2
Let x = -75 - -113. Suppose 5*p + 4*v = 246, 2*v + x = 37*p - 36*p. What is the tens digit of p?
4
Suppose -5*t + 4607 = 2*b, 4619 = 6*t - t + 4*b. What is the hundreds digit of t?
9
Let m(u) = 81*u**2 + 109*u - 1347. What is the units digit of m(11)?
3
Let q(v) = -435*v**2 + 865*v**2 - 2*v**3 + 5*v - 433*v**2. What is the hundreds digit of q(-5)?
1
Let j(t) = 9*t**2 - 132*t + 20. What is the hundreds digit of j(36)?
9
Let a be (-2)/17 - (2000/170)/2. What is the tens digit of ((-6834)/(-68))/((-3)/(-4)) - a?
4
Let o(z) = z**3 + 2*z**2 - 2*z + 7. Let g be o(-3). Suppose -u + 0*u - 310 = -g*l, -u = 2*l - 158. Let k = 168 - l. What is the tens digit of k?
9
Let a(p) = 15*p**2 - 4*p. Suppose -2*y = -7 - 3. What is the hundreds digit of a(y)?
3
Let g = 6151 - -3823. What is the hundreds digit of g?
9
What is the units digit of (14/35)/(4/(-6)) + (-78258)/(-30)?
8
Let w = -983 + 962. Let j = -200 + 485. What is the units digit of (-1 + j/(-9))/(7/w)?
8
Let y(n) = 16*n**2 - 98*n - 842. What is the thousands digit of y(-25)?
1
Let g(d) = 2*d**2 + 13*d + 8. Suppose -4*l = 5*x - 67, 5*l - 2*x - 90 = -7*x. What is the hundreds digit of g(l)?
3
Suppose -7*m + 6 = -5*m. Suppose -7*j - 5*q = -4*j - 1007, j = m*q + 345. Suppose 4*d - 10*i = -13*i + j, -d + 96 = -3*i. What is the tens digit of d?
8
Suppose 4*d = -3*b + 3047, -5081 = b - 6*b - 4*d. Suppose -6*q + b = -591. Suppose 4*u + 4*h = q, -3*u + 2*u + 5*h + 55 = 0. What is the units digit of u?
5
Let t = -1628 + 6871. What is the tens digit of t?
4
Let s = 323 + -319. Suppose s*h - 2*l - 42 = 0, 2*h + 36 = 3*l + 59. What is the tens digit of h?
1
Suppose -2*u - a - 186 = -4*u, 279 = 3*u + 2*a. Suppose 2*d - 4*d = g - u, -417 = -5*g + 2*d. Suppose 87*b = g*b + 150. What is the tens digit of b?
7
Suppose -y = -2*i - 10, -3*i = -0*y - 2*y + 16. Let l(f) = -2*f**3 + 15 + 215*f**y + 2*f - 210*f**2 - 1. What is the tens digit of l(-4)?
1
Suppose 2*q - 868 = g - 5*g, -3*g = -2*q - 637. Suppose m - 4*h - 92 - g = 0, -4*m + 1262 = h. What is the tens digit of ((-4 - 1)/(-15))/(3/m)?
3
Let s(w) = 42*w - 76. Let r = -155 - -166. What is the tens digit of s(r)?
8
Let n(p) = -74*p - 3. Let o(b) be the first derivative of b**4/4 - 17*b**3/3 - b - 11. Let g be o(17). What is the tens digit of n(g)?
7
Let d(x) = -x**2 + 12*x - 18. 